hat is the remainder when m is divided by c?
11
Suppose -2*a + 669 = -313. Calculate the remainder when a is divided by 3.
2
Let w(k) = 42*k**2 + 186*k - 731. What is the remainder when w(4) is divided by 195?
100
Suppose 3*p + 564 = 9*p. Suppose -3*x - 12 = 0, -3*x - 162 = -0*j - 3*j. Suppose -2 = -2*h, h - j = -10*q + 9*q. Calculate the remainder when p is divided by q.
45
Let q = 537 + -361. What is the remainder when q is divided by 32?
16
Let x(n) = -2*n + 50. Let m be x(-7). What is the remainder when m + (3 - (-2 + 10) - -3) is divided by 19?
5
Let q = -260 + 52. Let s = -125 - q. Let u = s - 62. Calculate the remainder when u is divided by 6.
3
Suppose q + 18 = 3*i + 9, q + i = 3. Suppose 20*j + q*j = 200. Calculate the remainder when 84 is divided by j.
4
Let n = -260 + 269. Let r(g) = g**2 - 5*g - 32. Suppose 2*c + 3*h = 44, 5*c + 0*h - 88 = -2*h. Calculate the remainder when c is divided by r(n).
0
Let w = 15517 + -15498. Let c(t) = -10*t + 1. What is the remainder when c(-7) is divided by w?
14
Suppose -1303*u - 187953 = -1432*u. What is the remainder when u is divided by 239?
23
Let q = 364476 + -364442. Calculate the remainder when (-2)/((-2)/236 + 0) is divided by q.
32
Let w = -76 - -458. Let g = w + -360. What is the remainder when g is divided by 3?
1
Let l(f) = -2*f**3 - 2*f**2 + 7*f + 18. Calculate the remainder when 158 is divided by l(-3).
26
Let s(r) = -r**3 - 8*r**2 - 9*r + 2. Let f be 6/9*-3 - 6. Let p(d) = -d**3 + 12*d**2 - 36*d + 94. What is the remainder when s(f) is divided by p(9)?
9
Suppose 51*o + 17*o - 4352 = 0. Let r(y) = 3*y**2 + 2*y + 1. What is the remainder when o is divided by r(2)?
13
Let n = -253 + 239. What is the remainder when (5 - -2)/(-14)*n is divided by 5?
2
Let v = -8 + 31. Suppose -k = -2*p + 229, 0 = -2*k + 7 - 13. Calculate the remainder when p is divided by v.
21
Let s = -170 + 175. Suppose -2156 = -s*b - 17*b. What is the remainder when b is divided by 27?
17
Suppose -108 = -5*d + d. Suppose -4*k = -75 + d. Suppose 2*w - 256 = -6*w. Calculate the remainder when w is divided by k.
8
What is the remainder when 7 + 9 - (-11 + -1359) is divided by 48?
42
Let i(l) = -l**3 + 12*l**2 - 7*l - 31. Let x be i(9). Let h = 160 - x. Let q = 41 + -9. What is the remainder when q is divided by h?
10
Let p = -44 - -26. Let q(k) = -k**3 + 8*k**2 - 3*k - 8. What is the remainder when (-6)/(p/219) + 5 is divided by q(7)?
18
Let t = 101 + -98. Suppose 0 = 3*x - 2*m + 3*m - 287, 0 = t*x + 2*m - 286. Suppose 5*v = 13*v - x. Calculate the remainder when 23 is divided by v.
11
Suppose -7*s = -43 + 1. Suppose 35 = 5*k + 2*m, -2*k + 7 = -k + m. Suppose -2*a - 1 = -k. Calculate the remainder when s is divided by a.
0
Calculate the remainder when 96 is divided by 15904/728 - (-2)/13.
8
Suppose a + 513 = 2*z, -z + 172 = 4*a - 89. Calculate the remainder when 526 is divided by z.
12
Suppose -3*k = 108 - 117, 5*n - 90 = 5*k. Calculate the remainder when 394 is divided by n.
16
Let d be 3/(-6)*18 + 3. Let p be 2/11 + d/11*-29. Suppose -168 = -p*m + 2*m. What is the remainder when 32 is divided by m?
8
Calculate the remainder when 8063 is divided by 31 - (6 - (21 - 18)).
27
Suppose -14 - 154 = -4*x. Let b be (x/(-5))/((-57)/(-380)). Let s = 105 + b. Calculate the remainder when s is divided by 17.
15
Suppose 0 = 11*i - 641 - 536. Suppose -5*w + 8*w - 33 = 0. What is the remainder when i is divided by w?
8
Suppose -28*t = -24*t + 2*v - 7906, -5*t + 9895 = 5*v. Calculate the remainder when t is divided by 60.
54
Let p be (-2)/(-7) + 128/(-42)*-36. Suppose 3*n = -4*k + 1234, n - p = -k + 198. What is the remainder when k is divided by 24?
22
Let p = 667 + -575. Let a(c) = c**3 + 4*c**2 - 5*c - 10. What is the remainder when p is divided by a(-3)?
8
Suppose -3*m = -j - 90, -372*j + 71 = 2*m - 369*j. Calculate the remainder when 1373 is divided by m.
9
Let o be (-6)/2*(-20)/12. Suppose 2 + 3 = p, 3*v + o*p + 38 = 0. What is the remainder when 1 is divided by (-2)/7 + (-111)/v + -4?
0
Let z(p) = -141*p + 9. Let u be z(2). What is the remainder when (-4)/18 - 2*u/27 is divided by -3 + 30/5 + 9?
8
Suppose 148*n + 2574 = 181*n. Calculate the remainder when 285 is divided by n.
51
Let o = -5707 + 6228. Calculate the remainder when o is divided by 191.
139
Let k(d) = -75*d - 4. Suppose -5*c - s + 350 = 4*s, 0 = c - 4*s - 100. What is the remainder when k(-4) is divided by c?
68
Suppose 223*q + 626*q = 22923. Let o(r) = r**3 - 7*r**2 - r + 7. What is the remainder when o(9) is divided by q?
25
Suppose 2*r + 2*o = -36, -3*r - 25 = -4*o + 50. Let k = 23 + r. Calculate the remainder when (-12)/(-7) - 2 - (-299)/91 is divided by k.
1
Suppose -3 = -0*x - x. Suppose -x*o + 308 = 11*o. Suppose 113*u = 111*u + o. What is the remainder when u is divided by 4?
3
Let k(u) = -u + 12. Let y be (12/10)/(4/(-10)) + 3. Let a be k(y). Suppose h = j + 2, 4*h - 3*j + 0*j - a = 0. Calculate the remainder when 20 is divided by h.
2
Let w be 13/(-1092)*-14 - 7294/(-12). Suppose w = 17*f - f. Calculate the remainder when f is divided by 11.
5
Suppose 0*k + 70 = 14*k. Suppose 0 = -k*c - 4*b + 112, -4*c + 3*c + 35 = 5*b. Calculate the remainder when 69 is divided by c.
9
Let y(h) = h**3 + h**2 - 16*h - 8. Let z(w) = w**3 - w**2 + 4*w + 6. Let t be z(0). Calculate the remainder when y(t) is divided by 30.
28
Let k(h) = 2*h**2 + 70*h - 114. Let m be k(-37). Suppose 0 = m*n - 4*n - 7890. What is the remainder when n is divided by 11?
10
Let f(z) = 6*z + 28 + 5*z + 3*z**2 - 61 + 25. Let l(r) = -4*r**2 - 10*r + 7. Let s(p) = 5*f(p) + 4*l(p). Calculate the remainder when s(13) is divided by 7.
0
Let z = 3789 + -3470. Calculate the remainder when z is divided by 89.
52
Let h = 1604 + -1531. What is the remainder when 348 is divided by h?
56
Let f = -19 + 47. Suppose 5*u = 5*p - p + 16, 0 = 5*p - 3*u + 7. Let l = p + 82. What is the remainder when l is divided by f?
27
What is the remainder when ((-13)/(13/(-4)))/((-4)/(-236)) is divided by 57?
8
Calculate the remainder when 1155 is divided by (32 - 4/(-2))/((-13)/(-65)*10).
16
Let m be (-2 + 0/4)/((-5)/10). Suppose 0 = -m*b + 5*b - 10. Suppose -5*i = -b*i + 220. What is the remainder when 127 is divided by i?
39
Suppose -16*w = -480 - 276 + 148. What is the remainder when 181 is divided by w?
29
Suppose 3*p - 27*q - 39 = -24*q, 0 = -3*p - 2*q + 34. Let i be ((-3)/(-2))/((-2)/(-120)). Let d = 135 - i. Calculate the remainder when d is divided by p.
9
Suppose -3*l + 3234 = 27*l + 19*l. What is the remainder when l is divided by 47?
19
Let f(a) = 2 - a + 3 + a**2 + 0*a**2 + 9*a. Let z be f(-8). Suppose z*m - 50 = -0. Calculate the remainder when 36 is divided by m.
6
Let m = 17334 - 11178. Calculate the remainder when m is divided by 35.
31
What is the remainder when 2531 is divided by (-6)/9*(690/(-40) - 12/16)?
11
Suppose 6*h - 993 = 24861. Calculate the remainder when h is divided by 19.
15
Suppose -263 = 2*n - 295. What is the remainder when 2358 is divided by n?
6
Suppose 6*m + 184 = 196. Suppose 0 = 4*k + 5*f - 105, 3 = f - m*f. What is the remainder when 54 is divided by k?
24
Suppose 0 = -17*u + 3703 - 881. Let w = u - 26. Calculate the remainder when w is divided by 9.
5
Let i(t) = 2*t**2 + 8*t + 29. Calculate the remainder when 1439 is divided by i(-5).
35
Let k(g) = -74*g + 479. Calculate the remainder when k(-12) is divided by 26.
15
Suppose 10*y - 2*r - 269 = 5*y, 4*r = -3*y + 177. Suppose -y*u + 47*u = -488. What is the remainder when u is divided by 13?
9
Let n = 7167 + -5495. What is the remainder when n is divided by 55?
22
Suppose -4*v + 2*r - 8 = -42, 3*r = 2*v - 15. Suppose 0 = 6*c - c + 195. Let w = c - -51. Calculate the remainder when w is divided by v.
3
Let q(d) = 50*d - 66. What is the remainder when 4076 is divided by q(2)?
30
Suppose -4*f + 24 = 4. Suppose f*v + 3*j = 104, 10*v + 60 = 13*v + j. Calculate the remainder when 225 is divided by v.
16
Let v = -5512 + 5528. Let g be 5 + -3 - -1*3. Suppose g*i - 117 = 268. What is the remainder when i is divided by v?
13
Suppose -8*j + 4*k + 384 = -6*j, -807 = -4*j - 5*k. Suppose 2*m + 3*l + j = 4*m, -4*m + 5*l = -394. What is the remainder when 671 is divided by m?
95
Suppose 22*p = 24*p - 10, 2076 = 4*i + 4*p. What is the remainder when i is